40*j**2 + 5060*j + 20259. Give b(-4).
19
Let b(v) = v**3 - 132*v**2 + 356*v + 3991. Give b(129).
-8
Let d(z) = 2*z**3 + 14*z**2 - 1078*z - 8684. Calculate d(-8).
-188
Let y(h) = -2405*h + 91105. Give y(38).
-285
Let o(w) = -99*w**3 + 11*w**2 - 101*w - 251. What is o(-2)?
787
Let j(w) = w**3 + 287*w**2 + 1339*w - 20044. What is j(-282)?
-22
Let b(c) = -127064*c + 4. Give b(0).
4
Let r(o) = -o**3 + 253*o**2 - 1245*o - 4170. Determine r(248).
-5410
Let v(l) = 2434*l - 9488. Give v(4).
248
Let x(k) = -478*k + 131505. Calculate x(275).
55
Let k(t) = -t**2 - 482*t - 8290. What is k(-18)?
62
Let z(r) = -3*r**3 - 12*r**2 - 312*r + 1. Give z(0).
1
Let c(z) = 64*z**2 - 47*z - 157. Determine c(-5).
1678
Let x(p) = -p**2 + 1140*p + 17392. Give x(-15).
67
Let j(d) = -13*d**2 + 1316*d + 948. Give j(102).
-72
Let k(y) = -11*y**2 + 147*y - 121. Determine k(7).
369
Let a(t) = -3753*t - 90087. What is a(-24)?
-15
Let h(b) = 4*b**2 - 4286*b - 1169891. Determine h(1297).
3
Let p(h) = -2*h**3 + 259*h**2 - 123*h - 1019. Give p(129).
-245
Let v(r) = -r**2 + 29*r + 315. Calculate v(26).
393
Let p(l) = 2*l**2 - 1709*l - 22676. Give p(-13).
-121
Let k(g) = -5*g**3 + 38*g**2 - 116*g + 33. Calculate k(10).
-2327
Let p(s) = -42658*s - 853156. Calculate p(-20).
4
Let p(n) = -10*n**2 - 7419*n + 20. Calculate p(0).
20
Let m(w) = -w**3 - 50*w**2 + 1132*w + 61455. What is m(-44)?
31
Let d(o) = o**3 - 67*o**2 + 807*o + 30. Give d(16).
-114
Let r(d) = 117*d**3 - 5*d**2 + 294*d + 571. Calculate r(-2).
-973
Let c(d) = -41614*d + 20682170. Determine c(497).
12
Let i(m) = -m**3 + 50*m**2 - 307*m - 85. What is i(42)?
1133
Let g(v) = v**3 - 270*v**2 - 968*v + 40672. Calculate g(273).
-5
Let v(q) = 3*q**3 + 75*q**2 + 179*q + 3580. What is v(-25)?
-895
Let j(m) = -m**3 - 67*m**2 - 104*m - 2477. What is j(-66)?
31
Let d(q) = q**3 - 280*q**2 + 11*q - 3100. What is d(280)?
-20
Let y(g) = 2*g**2 + 6698*g - 319212. What is y(47)?
12
Let l(v) = -v**3 - 102*v**2 - 1931*v - 4418. What is l(-78)?
184
Let w(y) = -y**3 - 44*y**2 - 524*y - 1055. Determine w(-24).
1
Let k(f) = f**3 - 24*f**2 + 111*f - 130. Determine k(17).
-266
Let j(r) = 16*r**2 + 4756*r + 18993. Calculate j(-4).
225
Let a(v) = -30456*v + 121816. Determine a(4).
-8
Let l(n) = 4*n**2 + 2712*n - 27509. What is l(10)?
11
Let n(q) = -q**2 + 183*q + 376. Give n(-2).
6
Let k(h) = h**3 + 22*h**2 + 29*h + 713. Give k(-22).
75
Let u(k) = 2*k**3 + 140*k**2 + 292*k + 2005. Determine u(-68).
645
Let u(t) = 3*t**3 - 22*t**2 - 640*t - 2166. Determine u(-8).
10
Let t(h) = -4*h**2 - 558*h - 10625. Give t(-117).
-95
Let m(v) = -4*v**3 + 48*v**2 + 641*v. What is m(-8)?
-8
Let c(d) = 13*d**3 + 108*d**2 + 47*d + 98. Determine c(-8).
-22
Let t(z) = -18826*z + 2767559. Determine t(147).
137
Let k(c) = -324770*c - 3897229. Give k(-12).
11
Let f(o) = -28693*o + 26340173. Determine f(918).
-1
Let r(i) = -2*i**3 + 95*i**2 - 682*i + 148. Give r(8).
-252
Let j(r) = -4*r**2 + 1691*r + 19230. Calculate j(-11).
145
Let v(l) = l**3 + 143*l**2 - 29*l + 3. Calculate v(0).
3
Let r(u) = u**3 + 50*u**2 + 399*u + 6. Determine r(-40).
46
Let d(b) = 3*b**2 - 7*b. What is d(-7)?
196
Let r(t) = -4*t**2 + 462*t - 4035. Calculate r(106).
-7
Let k(r) = 319*r + 19767. Give k(-61).
308
Let w(p) = p**3 + 162*p**2 + 4060*p - 28. Give w(-31).
3
Let a(h) = 9409*h + 56351. Determine a(-6).
-103
Let m(k) = 7*k**3 - 26*k**2 + 1259*k - 5076. Determine m(4).
-8
Let z(i) = -2*i**2 - 3274*i - 19638. What is z(-6)?
-66
Let n(c) = 651*c**2 + 2611*c + 16. Give n(-4).
-12
Let u(m) = -8184*m**3 - 40906*m**2 + 78*m + 29. Determine u(-5).
-11
Let c(u) = 184*u + 49976. Calculate c(-272).
-72
Let c(q) = -1134*q + 14166. Calculate c(13).
-576
Let s(w) = -1517*w - 27208. Give s(-18).
98
Let p(g) = -g**3 + g**2 - 7*g + 125. Calculate p(5).
-10
Let s(m) = -134*m - 4005. Give s(-29).
-119
Let b(h) = 172*h + 26935. Give b(-157).
-69
Let f(w) = 5436*w - 293431. Determine f(54).
113
Let k(m) = -5*m**3 + 273*m**2 - 414*m + 28856. What is k(55)?
36
Let y(j) = -j**3 - 16*j**2 + 87*j + 1590. Give y(-15).
60
Let x(h) = -164417*h - 2137430. Give x(-13).
-9
Let q(p) = -33398*p - 299305. What is q(-9)?
1277
Let f(t) = t**3 - 4*t**2 - 730*t + 3623. Calculate f(5).
-2
Let s(f) = 3*f**2 - 1398*f + 12318. Give s(457).
-21
Let m(r) = -456*r**2 + 26912*r - 473. Give m(59).
-1
Let l(f) = 47638*f + 11814230. Give l(-248).
6
Let y(x) = -12*x**3 - 94*x**2 - 3639*x - 29230. Calculate y(-8).
10
Let l(n) = -n**3 + 131*n**2 - 1874*n + 2012. Give l(15).
2
Let z(c) = 273*c - 37001. Give z(135).
-146
Let n(x) = -31*x**3 - 371*x + 371. Determine n(1).
-31
Let c(m) = 16776*m + 133800. What is c(-8)?
-408
Let c(h) = -h**2 + 11422*h + 22848. What is c(-2)?
0
Let j(n) = -n**3 + 59*n**2 + 459*n - 34165. What is j(26)?
77
Let a(o) = 1228*o - 9623. Calculate a(8).
201
Let b(c) = -78735*c + 78715. Give b(1).
-20
Let o(z) = 6*z**3 + 7343*z**2 - 44264*z - 22. Calculate o(6).
38
Let n(v) = -19571*v - 606698. What is n(-31)?
3
Let a(c) = 99108*c - 6937553. What is a(70)?
7
Let q(w) = -2190*w**2 + 26272*w - 23. Determine q(12).
-119
Let c(z) = 2*z**2 + 107627*z + 430468. What is c(-4)?
-8
Let i(k) = k**3 - 153*k**2 - 13926*k - 2432. Determine i(-64).
0
Let d(o) = 2*o**3 + 47*o**2 + 185*o + 2684. What is d(-22)?
66
Let z(q) = 1010*q**2 + 4524*q - 9213. Give z(-6).
3
Let v(h) = -2*h**2 + 397*h - 12477. Calculate v(39).
-36
Let x(o) = -o**2 + 1065*o - 85732. What is x(88)?
244
Let x(o) = 73*o**2 + 748*o - 3841. Calculate x(-14).
-5
Let v(t) = 8*t**3 + 69*t**2 - 50041*t - 450147. Calculate v(-9).
-21
Let t(g) = -185*g**2 - 1672*g - 6686. What is t(-4)?
-2958
Let w(x) = -2*x**2 - 4599*x - 2543733. Determine w(-926).
-11
Let c(x) = -833*x + 19140. Give c(23).
-19
Let d(i) = -31*i**2 + 189*i - 262. What is d(4)?
-2
Let x(y) = 4*y**2 - 59*y - 1068. Determine x(-18).
1290
Let k(x) = x**3 + 62*x**2 - 18083*x + 142. What is k(-169)?
142
Let n(y) = y**3 + 9*y**2 - 166*y - 1669. Give n(-10).
-109
Let o(q) = 65*q**2 - 53*q - 303. Determine o(-6).
2355
Let f(g) = 166*g + 27561. What is f(-166)?
5
Let d(p) = -114*p - 5492. Calculate d(-54).
664
Let k(x) = 7791*x + 296099. Determine k(-38).
41
Let t(k) = 12*k**2 - 38844*k + 194197. Give t(5).
277
Let p(a) = a**3 + 68*a**2 + 1284*a + 81544. Give p(-67).
5
Let z(i) = -300*i**2 + 6897*i + 77. Give z(23).
8
Let k(c) = -394*c - 64766. Give k(-164).
-150
Let j(f) = -f**3 + 111*f**2 + 129*f - 1947. What is j(112)?
-43
Let m(y) = 20*y**2 + 1977*y - 188. What is m(-99)?
109
Let d(a) = -a**3 - 7663*a**2 + 53685*a + 30. What is d(7)?
-5
Let t(s) = -s**3 + 105*s**2 - 316*s + 695. Determine t(102).
-325
Let v(w) = 104*w - 2222. Give v(12).
-974
Let a(k) = -k**3 - 46*k**2 - 70*k - 3407. What is a(-46)?
-187
Let l(c) = 861*c - 12054. Determine l(14).
0
Let k(r) = -143*r - 7774. Give k(-53).
-195
Let u(h) = -2*h**3 - 28*h**2 - 113*h - 1606. Give u(-14).
-24
Let u(m) = -897*m + 29606. Determine u(33).
5
Let a(f) = -1557852*f - 4673580. Give a(-3).
-24
Let t(p) = 2393*p - 21498. Calculate t(9).
39
Let n(w) = -2262*w - 12104. Give n(-7).
3730
Let d(z) = 822725*z + 7404523. What is d(-9)?
-2
Let q(c) = 31*c**3 + 37*c**2 + 40*c + 37. Give q(-1).
3
Let s(d) = -16*d**2 + 4969*d + 7164. Calculate s(312).
-12
Let i(v) = -3*v**2 + 49620*v - 694099. What is i(14)?
-7
Let f(i) = -13*i + 1241. Determine f(42).
695
Let a(w) = 3062*w - 150125. What is a(49)?
-87
Let w(n) = -15*n**2 - 382*n + 5731. Give w(12).
-1013
Let m(y) = 65108*y + 3320527. Give m(-51).
19
Let c(s) = 2*s**3 - 12*s**2 - 348*s + 1178. What is c(3)?
80
Let h(f) = -7*f**3 + 175*f**2 - 937*f + 18450. Determine h(24).
-6
Let z(x) = -642*x + 2717. Calculate z(4).
149
Let l(q) = 168375*q - 1683753. Calculate l(10).
-3
Let f(n) = -4*n**3 + 78*n**2 + 223*n - 4949. What is f(19)?
10
Let i(m) = -9*m**2 - 3464*m + 350065. Determine i(-468).
1
Let a(y) = 15*y**2 - 1260*y - 5532. Give a(88).
-252
Let r(z) = -29*z + 7. What is r(2)?
-51
Let g(t) = 3*t**2 + 73*t - 20609. Determine g(-96).
31
Let t(a) = 9*a**2 - 15*a + 508. What is t(16)?
2572
Let x(v) = 835*v - 44481. Determine x(55).
1444
Let r(p) = -p**3 + 49*p**2 + 393*p + 378. What is r(-6)?
0
Let h(g) = -22*g**3 - 105*g**2 + 10*g - 17. Calculate h(-5).
58
Let d(c) = -25771*c - 3092516. Give d(-120).
4
Let n(l) = -16362*l + 490